me factors of 88255.
5, 19, 929
What are the prime factors of 1900280?
2, 5, 47507
List the prime factors of 9283689.
3, 1031521
What are the prime factors of 24169?
24169
List the prime factors of 22384819.
23, 973253
What are the prime factors of 793334?
2, 396667
List the prime factors of 291066.
2, 3, 139, 349
List the prime factors of 1083096.
2, 3, 7, 307
What are the prime factors of 67628?
2, 11, 29, 53
What are the prime factors of 1565034?
2, 3, 59, 4421
What are the prime factors of 13762753?
59, 233267
List the prime factors of 45243.
3, 11, 457
List the prime factors of 1264305.
3, 5, 7, 12041
What are the prime factors of 1076647?
11, 13, 7529
What are the prime factors of 12335822?
2, 6167911
What are the prime factors of 359432?
2, 179, 251
What are the prime factors of 254138?
2, 31, 4099
List the prime factors of 163449.
3, 11, 13, 127
List the prime factors of 36684806.
2, 18342403
List the prime factors of 170779.
7, 31, 787
List the prime factors of 892212.
2, 3, 149, 499
List the prime factors of 5792021.
23, 10949
List the prime factors of 6900736.
2, 23, 293
What are the prime factors of 7011745?
5, 13, 107873
What are the prime factors of 1172823?
3, 31, 12611
What are the prime factors of 9917?
47, 211
What are the prime factors of 901248?
2, 3, 2347
List the prime factors of 204738.
2, 3, 34123
What are the prime factors of 18268971?
3, 7, 869951
What are the prime factors of 5189091?
3, 1729697
List the prime factors of 524025.
3, 5, 17, 137
What are the prime factors of 12649455?
3, 5, 7, 13, 3089
What are the prime factors of 67621?
19, 3559
List the prime factors of 473187.
3, 11, 13, 1103
List the prime factors of 582167.
582167
List the prime factors of 5012420.
2, 5, 7, 35803
What are the prime factors of 12179?
19, 641
What are the prime factors of 1611678?
2, 3, 268613
List the prime factors of 10778260.
2, 5, 23, 23431
What are the prime factors of 263962?
2, 191, 691
List the prime factors of 21297698.
2, 10648849
List the prime factors of 6859777.
937, 7321
What are the prime factors of 84857?
84857
List the prime factors of 510707.
510707
List the prime factors of 15579.
3, 577
What are the prime factors of 14918446?
2, 2083, 3581
List the prime factors of 14660343.
3, 19, 85733
What are the prime factors of 3583289?
3583289
List the prime factors of 239126.
2, 119563
List the prime factors of 228463.
17, 89, 151
What are the prime factors of 406235?
5, 113, 719
What are the prime factors of 1551666?
2, 3, 258611
What are the prime factors of 18868?
2, 53, 89
List the prime factors of 207790.
2, 5, 11, 1889
What are the prime factors of 139894?
2, 113, 619
List the prime factors of 132915.
3, 5, 8861
List the prime factors of 1651915.
5, 330383
List the prime factors of 1573486.
2, 17, 46279
List the prime factors of 167943.
3, 17, 37, 89
List the prime factors of 3698605.
5, 17, 53, 821
What are the prime factors of 284315?
5, 101, 563
List the prime factors of 167254.
2, 241, 347
List the prime factors of 289387.
7, 41341
List the prime factors of 2878863.
3, 13, 97, 761
What are the prime factors of 245305?
5, 71, 691
List the prime factors of 19577057.
2137, 9161
List the prime factors of 238350.
2, 3, 5, 7, 227
What are the prime factors of 1602583?
311, 5153
List the prime factors of 9796277.
9796277
List the prime factors of 13951593.
3, 23, 67399
List the prime factors of 138843.
3, 15427
List the prime factors of 232732.
2, 83, 701
What are the prime factors of 1341125?
5, 10729
List the prime factors of 928495.
5, 185699
List the prime factors of 5541066.
2, 3, 43, 7159
What are the prime factors of 1583942?
2, 791971
List the prime factors of 535211.
17, 19, 1657
What are the prime factors of 176326?
2, 131, 673
List the prime factors of 435562.
2, 217781
List the prime factors of 150283.
7, 3067
List the prime factors of 3230536.
2, 403817
What are the prime factors of 969934?
2, 7, 29, 2389
List the prime factors of 1337223.
3, 445741
List the prime factors of 8324854.
2, 421, 9887
List the prime factors of 7306840.
2, 5, 29, 6299
What are the prime factors of 208903?
317, 659
List the prime factors of 255870.
2, 3, 5, 2843
What are the prime factors of 74572?
2, 103, 181
What are the prime factors of 1224675?
3, 5, 5443
List the prime factors of 69874.
2, 7, 23, 31
List the prime factors of 1264665.
3, 5, 59, 1429
What are the prime factors of 9336342?
2, 3, 181, 8597
What are the prime factors of 151776?
2, 3, 17, 31
What are the prime factors of 9883?
9883
What are the prime factors of 4877849?
4877849
What are the prime factors of 811739?
23, 29, 1217
What are the prime factors of 10553315?
5, 941, 2243
List the prime factors of 7292284.
2, 43, 42397
List the prime factors of 861814.
2, 430907
What are the prime factors of 34827840?
2, 3, 5, 29, 139
What are the prime factors of 2074824?
2, 3, 28817
List the prime factors of 7992.
2, 3, 37
List the prime factors of 7448904.
2, 3, 103457
List the prime factors of 328576.
2, 17, 151
What are the prime factors of 5708029?
5708029
List the prime factors of 21560440.
2, 5, 11, 19, 2579
What are the prime factors of 160064?
2, 41, 61
List the prime factors of 2919530.
2, 5, 181, 1613
What are the prime factors of 232318?
2, 116159
List the prime factors of 4119363.
3, 29, 5261
What are the prime factors of 176855?
5, 7, 31, 163
What are the prime factors of 23063005?
5, 7, 658943
What are the prime factors of 40183398?
2, 3, 744137
List the prime factors of 21687.
3, 7229
What are the prime factors of 1774392?
2, 3, 17, 4349
What are the prime factors of 107131?
149, 719
List the prime factors of 83800.
2, 5, 419
What are the prime factors of 615164?
2, 11, 31, 41
List the prime factors of 282244.
2, 41, 1721
List the prime factors of 15806730.
2, 3, 5, 41, 71, 181
What are the prime factors of 702656?
2, 10979
What are the prime factors of 391490?
2, 5, 11, 3559
List the prime factors of 521919.
3, 57991
List the prime factors of 2023452.
2, 3, 56207
What are the prime factors of 159487?
43, 3709
List the prime factors of 1138475.
5, 13, 31, 113
What are the prime factors of 490703?
59, 8317
List the prime factors of 7839832.
2, 7, 11, 13, 89
What are the prime factors of 882338?
2, 441169
What are the prime factors of 712604?
2, 178151
List the prime factors of 128392.
2, 11, 1459
List the prime factors of 120035.
5, 24007
List the prime factors of 16594107.
3, 83, 66643
List the prime factors of 11262235.
5, 53, 42499
What are the prime factors of 94299?
3, 17, 43
What are the prime factors of 2081710?
2, 5, 89, 2339
List the prime factors of 37322283.
3, 67, 185683
List the prime factors of 7604278.
2, 11, 179, 1931
What are the prime factors of 24988019?
7, 3569717
What are the prime factors of 79113?
3, 26371
What are the prime factors of 6396489?
3, 11, 2393
List the prime factors of 6667565.
5, 113, 11801
What are the prime factors of 13201082?
2, 37, 178393
What are the prime factors of 11068963?
19, 83, 7019
What are the prime factors of 1013439?
3, 7, 48259
What are the prime factors of 190768?
2, 11923
What are the prime factors of 3873799?
3873799
What are the prime factors of 3464681?
11, 89, 3539
List the prime factors of 1310232.
2, 3, 7, 11, 709
List the prime factors of 293911.
19, 31, 499
What are the prime factors of 131264?
2, 7, 293
List the prime factors of 808107.
3, 97, 2777
List the prime factors of 8508539.
13, 31, 43, 491
List the prime factors of 5164045.
5, 839, 1231
List the prime factors of 1586785.
5, 19, 16703
List the prime factors of 5499020.
2, 5, 274951
List the prime factors of 103175.
5, 4127
List the prime factors of 147025.
5, 5881
What are the prime factors of 1834445?
5, 366889
List the prime factors of 4709701.
19, 247879
List the prime factors of 791138.
2, 449, 881
What are the prime factors of 983365?
5, 17, 23, 503
What are the prime factors of 12786151?
7, 223, 8191
What are the prime factors of 311234?
2, 7, 11, 43, 47
List the prime factors of 22477879.
59, 331, 1151
What are the prime factors of 29617963?
29617963
What are the prime factors of 160238?
2, 13, 6163
List the prime factors of 450844.
2, 269, 419
What are the prime factors of 2225366?
2, 11, 13, 31, 251
What are the prime fa